are the prime factors of j?
2, 3
Suppose -66 - 34 = -5*h. Let j = h + -7. What are the prime factors of j?
13
Let z(g) = 3*g**2 - g - 1. Suppose 5*j - 2*s - 2 = 0, -3*s + 3 + 3 = -3*j. List the prime factors of z(j).
3
Let q(j) = -j**2 - 9*j + 9. Let k be q(-9). Let z = 7 - k. List the prime factors of z + 0/3 + 5.
3
Let g = 6 - 3. List the prime factors of g.
3
Suppose r - 5 = h - 1, 4*r = -5*h - 11. Let v = r + 1. What are the prime factors of v?
2
Let s(v) = 6*v**2 + 5*v + 4. Let b be s(-2). Let n = b - 4. What are the prime factors of n?
2, 7
Let s = 5 + -1. Suppose 5 + s = k. List the prime factors of k.
3
Let c = 12 + -7. Suppose -38 = -c*p + 52. Suppose 0 = d - p + 1. What are the prime factors of d?
17
List the prime factors of 0/(6/(-1)) - -250.
2, 5
Let r = 42 - 28. What are the prime factors of r?
2, 7
Let o be 1 - (0 + -1)*6. Suppose 2*c = o*c + 4*l + 8, -4*l = 4*c + 8. Let v = c + 7. List the prime factors of v.
7
Suppose 4*f - 67 = 49. Suppose -4*z = -5*a + f, 2*a + 4*z = -0 + 6. What are the prime factors of a?
5
Let c(l) = 4*l**3 + l**2 - 1. Let j be c(1). Suppose 4*a + j*d = 180, -2*a - 3*d - 60 = -154. What are the prime factors of a?
41
Let u be 4/2 - (-1 + 1). Let f(t) = -4*t**3 + 9*t + 10 + 10*t**2 + u*t**3 + 3*t**3. List the prime factors of f(-9).
2, 5
Let t = 8 + 39. What are the prime factors of t?
47
Suppose 0 = -5*k + 9 + 11. What are the prime factors of k?
2
Let h = 5 - -3. Suppose 0 = 5*w - h*w + 135. Suppose w = 6*q - q + 5*t, 5*t = 4*q. List the prime factors of q.
5
Suppose 0*o = 4*o - 312. Let n = -23 + o. List the prime factors of n.
5, 11
Let w(a) = a**2 - 5*a + 6. What are the prime factors of w(6)?
2, 3
Let o = 8 + -5. Let c = o + 3. Let a(p) = 2*p + 1. List the prime factors of a(c).
13
Let v = -1 + 7. Suppose v = x + 22. List the prime factors of (-15)/(-6)*x/(-10).
2
Suppose -3*d - 29 = -4*n, 0 = 3*n - 4*d + 2*d - 23. Let f(g) = g. Let t be f(6). Let y = n - t. What are the prime factors of y?
5
Let q = -737 - -1188. What are the prime factors of q?
11, 41
Let i = 8 + 38. What are the prime factors of i?
2, 23
Let a be (-112)/(-10) - 1/5. Suppose i = -4 + a. List the prime factors of i.
7
Suppose 0 = -4*p + 6*p. Suppose 2*t + 3*t - 85 = p. What are the prime factors of t?
17
Suppose g = 3*g + 6, -35 = 5*p - 5*g. Let s be (6/p)/((-5)/50). Suppose t = s*t - 55. What are the prime factors of t?
11
Let s = -52 + 92. List the prime factors of s/6*(-36)/(-15).
2
Suppose -2*u - 16 = -140. What are the prime factors of u?
2, 31
Suppose -3*s = -4*x - 137 - 255, 0 = x + 2. What are the prime factors of s?
2
Let f be 2/9 + 76/(-18). Let p = f - -12. List the prime factors of p.
2
Let b(d) = 3*d**2 - 3*d - 1. Let k be b(-4). Suppose 0 = q - 4*m - k, -5*q + 3*m + 200 = 2*m. What are the prime factors of q?
3, 13
Suppose -2*v + a - 7 = 0, 0 = 2*v - 5*a + 11 + 16. Let m be -2 - ((v - -2) + -5). List the prime factors of m/(-1 - -2) + 5.
7
Let a be ((-4)/14)/(1/(-7)). Let z be 2 - (1 - -1 - a). List the prime factors of (-1 - z)*4/(-6).
2
Let x = 7 - 2. Suppose 8 - 33 = -x*u. Suppose 3*h = u*h - 24. List the prime factors of h.
2, 3
List the prime factors of (-13 + 61)/(1 + 0).
2, 3
Let k(o) = -28 + 26 - o - o. Let u be -3*((1 - -1) + -1). List the prime factors of k(u).
2
Suppose 3*b - b = -16. Suppose 7 + 5 = -r. Let u = b - r. List the prime factors of u.
2
Let r(b) = -b**3 - 5*b**2 + 6*b + 1. Let n be r(-6). Let g(m) = 32*m**3 + m**2 - 2*m + 2. List the prime factors of g(n).
3, 11
Suppose -3*i = 2*l - 27 - 18, 2*l - 46 = -2*i. Suppose 5*w + 5*y - 40 = 0, 0 = 4*w - 2*y - l - 26. List the prime factors of w.
11
Let k(t) be the second derivative of t**3/6 - 5*t**2/2 + t. Let d be k(7). Suppose -d*a - 3 = -7. What are the prime factors of a?
2
Suppose -6*f + f + 55 = 0. List the prime factors of f.
11
Suppose 7*r - 26 = 6*r. What are the prime factors of r?
2, 13
Let a(n) = -n**3 + 0*n + 5*n**2 + 7 - 2*n + 9*n. Let s be a(6). Let m = -7 + s. What are the prime factors of m?
2, 3
Let r = 14 - 9. What are the prime factors of r?
5
Let w(s) = 3*s**2 + 4*s + 3. Let g be w(-3). Let n = g + -28. What are the prime factors of 6/10 - 14/n?
2
Suppose 4 = 5*s - 11. Suppose -3*a + 3 + s = 0. Suppose 18 = 4*q + a*l, -3*l = -5*q + 2*l - 15. What are the prime factors of q?
2
Let c(y) = -y**3 + 6*y**2 - 5. Let s be c(6). Let u be 17/(-5) - 4/(-10). Let b = u - s. List the prime factors of b.
2
Suppose 3*q - i + 30 = 4*i, -2*i - 19 = 5*q. Let j = q + 7. Suppose j*k = 3 + 3, 4 = -g + 3*k. What are the prime factors of g?
5
List the prime factors of (0 - 2)/((-4)/74).
37
Let k be (-1)/2 - (-39)/6. Let q be 28/k - 2/(-6). Suppose -3*w - 3*t + 15 = 0, -2*t - q = -2*w - 3. What are the prime factors of w?
3
Let a(r) = -r + 8. Let l be a(6). Suppose -5*f = -3*f - 2*v - 8, -3*f - v + 20 = 0. Suppose -36 = -f*s + l*s. List the prime factors of s.
3
Let q(r) be the third derivative of -r**6/40 - r**5/15 - r**4/24 + r**3/3 + 6*r**2. What are the prime factors of q(-2)?
2, 3
Let l be (-1 + 21/6)*2. Suppose 0 = l*c + 22 - 137. List the prime factors of c.
23
Let w(t) = -t**3 + 2*t**2 - 7*t - 8. What are the prime factors of w(-4)?
2, 29
Let c(q) = -q**3 - 16*q**2 - 18*q + 4. List the prime factors of c(-15).
7
Suppose 3*h - 3*o + 12 = 0, h - o - o + 7 = 0. List the prime factors of (-6 + 8)/(h/(-8)).
2
Let g be 0*(1 - (-2)/(-4)). Suppose 8 = 4*u - g*u. Suppose 2*t + 10 = -4*i, -u*t + 35 = -4*i - i. What are the prime factors of t?
5
Suppose 5*r + 31 = -g, -7 + 39 = -4*g + 3*r. Let v = g - -25. Let p = 20 - v. What are the prime factors of p?
2, 3
Suppose 3 = v - 0. Let n(y) = v*y**2 + 0*y**2 - 2*y**2 - 1. List the prime factors of n(2).
3
Suppose -5*n - 3*v - v + 116 = 0, -v = -n + 16. List the prime factors of n.
2, 5
Let a(j) be the third derivative of j**4/24 - 2*j**3/3 + 20*j**2. Suppose 0 = -h - 0 - 3, -5*h - 70 = -5*d. List the prime factors of a(d).
7
Let i(t) = -t + 12. Let a be i(10). Suppose 5 = j - a. What are the prime factors of j?
7
Let p(f) be the third derivative of f**4/24 + 2*f**3/3 - 2*f**2. Let r(w) = -4. Let b(h) = -4*p(h) - 3*r(h). List the prime factors of b(-3).
2
Suppose 3*v - v = 5*n - 36, 5*n - 3*v - 34 = 0. Suppose n*l - 4*t - 129 = 3*l, 0 = 4*t + 4. What are the prime factors of l?
5
Let d(o) = 109*o**2 + 3*o + 3. What are the prime factors of d(-1)?
109
What are the prime factors of 549/36*(0 + 4)?
61
What are the prime factors of (25 + 11)*3/4?
3
Let z(s) = -s**2 + 14*s + 29. List the prime factors of z(12).
53
Suppose 3 = 2*p - 5. Let n(i) = 2*i**2 - 5. Let w be n(p). What are the prime factors of (-1)/(w/15 + -2)?
5
Let f be (120/25)/(6/40). What are the prime factors of (0 - (0 + -1))*f?
2
Let k(h) = -21*h**2 - 1. Let f be k(1). Let b = -13 - f. List the prime factors of b.
3
Let g(h) = h**3 - 10*h**2 - h + 12. Let w be g(10). Suppose 0 = l - 2*o - 25, -5*l + o = -w*o - 104. List the prime factors of l.
19
Let j = -15 - -49. List the prime factors of j.
2, 17
Let s be 20/6 + (-4)/(-6). Suppose 39 = -3*r - s*b, 4*b = 5*r - b + 30. Let c(y) = y**3 + 9*y**2 - y - 7. List the prime factors of c(r).
2
Suppose -2*b + 4*n = 0, 4 = -4*b - 0*b + 4*n. Let c(o) = 0 - 2 + 0 - 7*o. List the prime factors of c(b).
2, 3
Suppose -5*u - 12 = -2*u. Let b be u/10 + (-48)/5. Let r(w) = w + 22. List the prime factors of r(b).
2, 3
Let o be ((-16)/10)/((-2)/(-10)). List the prime factors of -5*(o - 6/(-2)).
5
Let i(g) = -8*g. Let q be (-20)/(-6)*18/15. Suppose 2 = -3*v - q. What are the prime factors of i(v)?
2
Let t be (2 + -1)*(4 - 4). Suppose -3*d - 3*m - 34 + 103 = t, 0 = d - 3*m - 11. What are the prime factors of d?
2, 5
Let d be -2*(63/(-2))/3. List the prime factors of (70/d)/(1/6).
2, 5
Suppose 3*l - 33 = -4*z, 3*z - 29 = 3*l - l. Suppose w = 4*w - z. What are the prime factors of w?
3
Suppose -255 = -5*t + 5*c, 86 + 21 = 2*t + 3*c. What are the prime factors of t?
2, 13
Suppose -2*u + 3*z + 36 = -z, -5*u = -4*z - 60. Let l = u - 3. List the prime factors of l.
5
Let t(h) = 7*h + 2. Let q be t(4). Suppose -5*p + q = -2*p. What are the prime factors of p?
2, 5
Suppose 5*f - 1580 = j, 5*j + 20 = j. What are the prime factors of f?
3, 5, 7
Suppose -2*v + m + 81 = 0, 5*m = -v - v + 63. List the prime factors of v.
3, 13
Le